{"id":50,"date":"2016-11-03T20:18:50","date_gmt":"2016-11-03T20:18:50","guid":{"rendered":"http:\/\/szmaragdowaidylla.pl\/?page_id=50"},"modified":"2025-09-23T19:25:36","modified_gmt":"2025-09-23T19:25:36","slug":"o-nas","status":"publish","type":"page","link":"http:\/\/szmaragdowaidylla.pl\/","title":{"rendered":"O nas"},"content":{"rendered":"\r\n<h2 class=\"wp-block-heading\">\u00a0<\/h2>\r\n<p>&nbsp;<\/p>\r\n\r\n<h6 style=\"text-align: left;\"><strong>D\u0142ugo wybierali\u015bmy psa dla naszej ro<\/strong><strong>dziny. A\u017c w listopadzie 2014 roku na stronie hodowli z Arabskiej Stajni zobaczyli\u015bmy cudne ocz\u0119ta naszej\u00a0<\/strong><em><strong>Ameli.\u00a0<\/strong><\/em><strong>Decyzja by\u0142a natychmiastowa i okaza\u0142a si\u0119 strza\u0142em w dziesi\u0105tk\u0119. By\u0142am zdumiona kiedy nauka jakichkolwiek sztuczek zajmowa\u0142a jej tak niewiele czasu. \u00a0Niesamowity charakter, instynkt pasterski i niezwykle inteligentne spojrzenie sprawi\u0142o, i\u017c postanowili\u015bmy spr\u00f3bowa\u0107 swoich si\u0142 na wystawie. \u00a0 A kiedy na trzech pierwszych wystawach zdoby\u0142a tytu\u0142 \u00a0M\u0141ODZIE\u017bOWEGO CHAMPIONA POLSKI\u00a0<\/strong><strong>zdecydowali\u015bmy si\u0119 za\u0142o\u017cy\u0107 domow\u0105 hodowl\u0119, aby inni mi\u0142o\u015bnicy ps\u00f3w mogli cieszy\u0107 si\u0119 towarzystwem takiego przyjaciela jakim jest \u00a0BORDER COLLIE.<\/strong>\u00a0<strong>Jednak zanim zdecyduj\u0105 si\u0119 Pa\u0144stwo na Bordera prosz\u0119 pami\u0119ta\u0107, \u017ce ta rasa potrzebuje du\u017co ruchu, nowych wyzwa\u0144 i zabawy. A co si\u0119 z tym wi\u0105\u017ce du\u017co po\u015bwi\u0119conego im czasu. Jestem przekonana, \u017ce w zamian za to Border Collie jest w stanie skra\u015b\u0107 serce ka\u017cdego cz\u0142owieka.<\/strong><br \/><img loading=\"lazy\" decoding=\"async\" class=\"size-medium wp-image-107 alignleft\" src=\"http:\/\/szmaragdowaidylla.pl\/wp-content\/uploads\/2016\/11\/11-240x300.jpg\" alt=\"\" width=\"240\" height=\"300\" srcset=\"http:\/\/szmaragdowaidylla.pl\/wp-content\/uploads\/2016\/11\/11-240x300.jpg 240w, http:\/\/szmaragdowaidylla.pl\/wp-content\/uploads\/2016\/11\/11-768x961.jpg 768w, http:\/\/szmaragdowaidylla.pl\/wp-content\/uploads\/2016\/11\/11-818x1024.jpg 818w, http:\/\/szmaragdowaidylla.pl\/wp-content\/uploads\/2016\/11\/11.jpg 1412w\" sizes=\"auto, (max-width: 240px) 100vw, 240px\" \/><\/h6>\r\n<h1><span style=\"color: #003300;\">Jeszcze w domu u poprzednich w\u0142a\u015bcicieli<\/span><\/h1>\r\n<h3><span style=\"color: #003300;\">\u00a0<\/span><\/h3>\r\n<p>&nbsp;<\/p>\r\n<p>&nbsp;<\/p>\r\n<p><img loading=\"lazy\" decoding=\"async\" class=\"size-medium wp-image-102 alignleft\" src=\"http:\/\/szmaragdowaidylla.pl\/wp-content\/uploads\/2016\/11\/Zdj\u0119cie-0010-300x221.jpg\" alt=\"zdjecie-0010\" width=\"300\" height=\"221\" srcset=\"http:\/\/szmaragdowaidylla.pl\/wp-content\/uploads\/2016\/11\/Zdj\u0119cie-0010-300x221.jpg 300w, http:\/\/szmaragdowaidylla.pl\/wp-content\/uploads\/2016\/11\/Zdj\u0119cie-0010-768x565.jpg 768w, http:\/\/szmaragdowaidylla.pl\/wp-content\/uploads\/2016\/11\/Zdj\u0119cie-0010-1024x754.jpg 1024w, http:\/\/szmaragdowaidylla.pl\/wp-content\/uploads\/2016\/11\/Zdj\u0119cie-0010.jpg 1950w\" sizes=\"auto, (max-width: 300px) 100vw, 300px\" \/><\/p>\r\n<h4>\u00a0<\/h4>\r\n<h1><span style=\"color: #ff0000;\"><span style=\"color: #003300;\"><span style=\"color: #003300;\">AMELIA(w domu MIKA)<\/span>\u00a0poznaje nowy dom<\/span><\/span><\/h1>\r\n<h3><strong>\u00a0<\/strong><\/h3>\r\n<h1><span style=\"color: #003300;\"><strong><img loading=\"lazy\" decoding=\"async\" class=\"size-medium wp-image-103 alignleft\" src=\"http:\/\/szmaragdowaidylla.pl\/wp-content\/uploads\/2016\/11\/Zdj\u0119cie-0020-300x225.jpg\" alt=\"zdjecie-0020\" width=\"300\" height=\"225\" srcset=\"http:\/\/szmaragdowaidylla.pl\/wp-content\/uploads\/2016\/11\/Zdj\u0119cie-0020-300x225.jpg 300w, http:\/\/szmaragdowaidylla.pl\/wp-content\/uploads\/2016\/11\/Zdj\u0119cie-0020-768x576.jpg 768w, http:\/\/szmaragdowaidylla.pl\/wp-content\/uploads\/2016\/11\/Zdj\u0119cie-0020-1024x768.jpg 1024w\" sizes=\"auto, (max-width: 300px) 100vw, 300px\" \/><\/strong><\/span><\/h1>\r\n<h1><strong><span style=\"color: #003300;\">\u00a0I znajduje ulubione miejsca \u00a0<\/span><\/strong><\/h1>\r\n<h1><strong><span style=\"color: #003300;\"> \u00a0<\/span><\/strong><\/h1>\r\n<p>&nbsp;<\/p>\r\n<p><strong><span style=\"color: #003300;\">\u00a0 \u00a0<\/span><\/strong><\/p>\r\n<h2><strong>\u00a0 \u00a0 <\/strong><\/h2>\r\n<h2><strong>\u00a0Do dzi\u015b przepada za t\u0105 miejsc\u00f3wk\u0105,cho\u0107 znaczna jej cz\u0119\u015b\u0107 le\u017cy ju\u017c na schodach.<\/strong><\/h2>\r\n<p>&nbsp;<\/p>\r\n<p><img loading=\"lazy\" decoding=\"async\" class=\"size-medium wp-image-143 aligncenter\" src=\"http:\/\/szmaragdowaidylla.pl\/wp-content\/uploads\/2016\/11\/DSCN2365-300x225.jpg\" alt=\"dscn2365\" width=\"300\" height=\"225\" srcset=\"http:\/\/szmaragdowaidylla.pl\/wp-content\/uploads\/2016\/11\/DSCN2365-300x225.jpg 300w, http:\/\/szmaragdowaidylla.pl\/wp-content\/uploads\/2016\/11\/DSCN2365-768x576.jpg 768w, http:\/\/szmaragdowaidylla.pl\/wp-content\/uploads\/2016\/11\/DSCN2365-1024x768.jpg 1024w, http:\/\/szmaragdowaidylla.pl\/wp-content\/uploads\/2016\/11\/DSCN2365.jpg 1600w\" sizes=\"auto, (max-width: 300px) 100vw, 300px\" \/><\/p>\r\n<p style=\"text-align: center;\">\u00a0<\/p>\r\n<p>&nbsp;<\/p>\r\n<p>&nbsp;<\/p>\r\n<p>&nbsp;<\/p>\r\n<p>&nbsp;<\/p>\r\n<p>&nbsp;<\/p>\r\n<p>&nbsp;<\/p>\r\n            <script type=\"text\/javascript\">\r\n                jQuery(document).ready(function ($) {\r\n                    var wgm_map = new google.maps.Map(document.getElementById(\"srm_gmp_embed_1\"), {\r\n                        center: new google.maps.LatLng(53.80790464160874,17.34215800898437),\r\n                        zoom: 13,\r\n                        mapTypeId: google.maps.MapTypeId.ROADMAP,\r\n                        scrollwheel: true,\r\n                        zoomControl: true,\r\n                        mapTypeControl: true,\r\n                        streetViewControl: true,\r\n                        fullscreenControl: true,\r\n                        draggable: true,\r\n                        disableDoubleClickZoom: false,\r\n                        panControl: true                    });\r\n                    var wgm_theme_json = '';\r\n                    if (wgm_theme_json.length > 0) {\r\n                        wgm_map.setOptions({ styles: JSON.parse(wgm_theme_json) });\r\n                    }\r\n                    \/\/ To view directions form and data\r\n                                        var wgm_data_1 = {\r\n                        'action': 'wpgmapembed_p_get_markers_by_map_id',\r\n                        'data': {\r\n                            map_id: '44',\r\n                            ajax_nonce: '56c56d1769'\r\n                        }\r\n                    };\r\n                    var wgm_ajaxurl_1 = 'http:\/\/szmaragdowaidylla.pl\/wp-admin\/admin-ajax.php'\r\n                    jQuery.post(wgm_ajaxurl_1, wgm_data_1, function (response) {\r\n                        response = JSON.parse(response);\r\n                        if (response.markers.length === 1) {\r\n                            var wgm_marker_to_1 = response.markers[0].marker_desc;\/\/.replace(\/&gt;\/g, '>').replace(\/&lt;\/g, '<');\r\n                            jQuery('#srm_gmap_to_1').val(wgm_marker_to_1.replace(\/(<([^>]+)>)\/gi, \"\"));\r\n                        }\r\n                        var wgm_default_marker_icon_1 = 'https:\/\/maps.gstatic.com\/mapfiles\/api-3\/images\/spotlight-poi2.png';\r\n                        if (response.markers.length > 0) {\r\n                            var custom_markers = [];\r\n                            var custom_marker_infowindows = [];\r\n                            response.markers.forEach(function (wgm_marker, i) {\r\n                                var wgm_marker_lat_lng_1 = wgm_marker.lat_lng.split(',');\r\n                                wgm_custom_marker_1 = new google.maps.Marker({\r\n                                    position: new google.maps.LatLng(wgm_marker_lat_lng_1[0], wgm_marker_lat_lng_1[1]),\r\n                                    title: wgm_marker.marker_name,\r\n                                    animation: google.maps.Animation.DROP,\r\n                                    icon: (wgm_marker.icon === '') ? wgm_default_marker_icon_1 : wgm_marker.icon\r\n                                });\r\n                                custom_markers[i] = wgm_custom_marker_1;\r\n                                wgm_custom_marker_1.setMap(wgm_map);\r\n                                var wgm_marker_name_1 = (wgm_marker.marker_name !== null) ? ('<span class=\"info_content_title\" style=\"font-size:18px;font-weight: bold;font-family: Arial;\">'\r\n                                    + wgm_marker.marker_name +\r\n                                    '<\/span><br\/>') : '';\r\n                                \/\/wgm_marker.marker_desc = wgm_marker.marker_desc.replace(\/&gt;\/g, '>').replace(\/&lt;\/g, '<');\r\n                                custom_marker_infowindow = new google.maps.InfoWindow({\r\n                                    content: wgm_marker_name_1 + wgm_marker.marker_desc\r\n                                });\r\n                                custom_marker_infowindows[i] = custom_marker_infowindow;\r\n                                if (wgm_marker.show_desc_by_default === '1') {\r\n                                    custom_marker_infowindow.open({\r\n                                        anchor: wgm_custom_marker_1,\r\n                                        shouldFocus: false\r\n                                    });\r\n                                } else {\r\n                                    google.maps.event.addListener(wgm_custom_marker_1, 'click', function () {\r\n                                        custom_marker_infowindows[i].open({\r\n                                            anchor: custom_markers[i],\r\n                                            shouldFocus: false\r\n                                        });\r\n                                    });\r\n                                }\r\n                                if (wgm_marker.have_marker_link === '1') {\r\n                                    google.maps.event.addListener(wgm_custom_marker_1, 'click', function () {\r\n                                        var wgm_target = '_self';\r\n                                        if (wgm_marker.marker_link_new_tab === '1') {\r\n                                            wgm_target = '_blank';\r\n                                        }\r\n                                        window.open(wgm_marker.marker_link, wgm_target);\r\n                                    });\r\n                                }\r\n                            });\r\n                        }\r\n                    });\r\n                });\r\n\r\n            <\/script>\r\n\r\n            <div id=\"srm_gmp_embed_1\"\r\n                style=\"width:100% !important;height:300px  !important; \">\r\n            <\/div>\r\n                    ","protected":false},"excerpt":{"rendered":"<p>\u00a0 &nbsp; D\u0142ugo wybierali\u015bmy psa dla naszej rodziny. A\u017c w listopadzie 2014 roku na stronie hodowli z Arabskiej Stajni zobaczyli\u015bmy cudne ocz\u0119ta naszej\u00a0Ameli.\u00a0Decyzja by\u0142a natychmiastowa i okaza\u0142a si\u0119 strza\u0142em w dziesi\u0105tk\u0119. By\u0142am zdumiona kiedy nauka jakichkolwiek sztuczek zajmowa\u0142a jej tak<\/p>\n","protected":false},"author":1,"featured_media":0,"parent":0,"menu_order":0,"comment_status":"closed","ping_status":"closed","template":"","meta":{"footnotes":""},"class_list":["post-50","page","type-page","status-publish","hentry"],"_links":{"self":[{"href":"http:\/\/szmaragdowaidylla.pl\/index.php?rest_route=\/wp\/v2\/pages\/50","targetHints":{"allow":["GET"]}}],"collection":[{"href":"http:\/\/szmaragdowaidylla.pl\/index.php?rest_route=\/wp\/v2\/pages"}],"about":[{"href":"http:\/\/szmaragdowaidylla.pl\/index.php?rest_route=\/wp\/v2\/types\/page"}],"author":[{"embeddable":true,"href":"http:\/\/szmaragdowaidylla.pl\/index.php?rest_route=\/wp\/v2\/users\/1"}],"replies":[{"embeddable":true,"href":"http:\/\/szmaragdowaidylla.pl\/index.php?rest_route=%2Fwp%2Fv2%2Fcomments&post=50"}],"version-history":[{"count":22,"href":"http:\/\/szmaragdowaidylla.pl\/index.php?rest_route=\/wp\/v2\/pages\/50\/revisions"}],"predecessor-version":[{"id":880,"href":"http:\/\/szmaragdowaidylla.pl\/index.php?rest_route=\/wp\/v2\/pages\/50\/revisions\/880"}],"wp:attachment":[{"href":"http:\/\/szmaragdowaidylla.pl\/index.php?rest_route=%2Fwp%2Fv2%2Fmedia&parent=50"}],"curies":[{"name":"wp","href":"https:\/\/api.w.org\/{rel}","templated":true}]}}